6, 3*d - 11 = g + 2*d. Let i(o) = 4*o**2 - o + 34. Let h(j) = 16*j**2 - 4*j + 136. Let s(w) = -2*h(w) + 9*i(w). Is s(g) a prime number?
False
Suppose 0 = 3*v - 2*v - 2*v. Suppose 2*n - 12 = -v*n. Is (-158)/n*(-3)/1 a prime number?
True
Let c be 120/(-30) + 1/((-3)/(-47010)). Let f = c + 26705. Is f a composite number?
True
Let n be 1/4*335*(-80)/(-2). Let q = 5691 + n. Is q a composite number?
False
Is ((-6633)/165 - -36)*(-1246010)/6 a composite number?
True
Suppose -17 + 62 = 9*g. Suppose 4*f + g*z = 39 - 11, 5*f - 30 = -5*z. Suppose -2*q - f*m + 820 = 0, -2*m - 3*m = -3*q + 1238. Is q prime?
False
Let c be (4419/6)/(0 - (-2)/4). Let g = c + 383. Suppose -3*l + g = 665. Is l a composite number?
False
Let j be 91/(-4) - 18/(-24). Let s(x) = x**3 + 21*x**2 - 21*x + 26. Let h be s(j). Suppose -h*o + 1715 = 199. Is o a composite number?
False
Suppose -3*n + 296529 + 491046 = 161181. Is n a prime number?
False
Let o(s) = -6*s**3 - 3*s**2 - 18*s - 91. Is o(-18) prime?
True
Let r = -57 - -59. Let v(i) = 3*i**3 - 2*i**2 - 2*i + 2. Let c be v(r). Is 2609/7 - c/(-49) a composite number?
False
Let k(w) = 30*w**3 - 9*w**2 + 82*w - 885. Is k(14) prime?
True
Let p(d) = 831*d**2 + 45*d + 193. Is p(-4) a prime number?
True
Suppose -411*l = -445*l + 4625054. Is l a prime number?
False
Suppose 4*j - w + 2 = -3*w, 4*j - 23 = 3*w. Suppose 2*c - 6926 = k, -3*k - j = -2*k. Let t = -2249 + c. Is t a prime number?
True
Suppose 70 = -12*c - 26. Is ((-27598)/c)/((-21)/28 + 1) prime?
True
Suppose -h - 93025 = -3*o, -o + 44678 = -2*h + 13673. Suppose -44*b = -55*b + o. Is b composite?
False
Let f(n) = -11980*n + 1211. Is f(-3) a prime number?
False
Let w be ((-96)/(-64))/(9/(-24)). Let j be 1/2*-1*10. Is (j/w)/((-11)/(-836)) a prime number?
False
Is (-72)/6*1 + (-8093744)/(-16) composite?
True
Suppose 0 = -5*p + 8*p - 6147. Let f be (2*145)/(1/(-4)). Let c = f + p. Is c prime?
False
Let x(u) be the first derivative of 45*u**2 - 35*u + 2. Let f(z) = 132*z + 1463. Let o be f(-11). Is x(o) a prime number?
False
Let v(y) = y**2 + 15*y. Let s be v(-15). Suppose s*b - 2*b - 3 = g, -21 = -4*g + 3*b. Suppose 3*h - 393 = -g*m, -4*h - 2*m + 312 = -218. Is h composite?
True
Suppose x - 5*j + 28 = 0, x = -10*j + 8*j + 7. Is 281/9*x*-21 a prime number?
False
Let h(l) = -3*l**3 - 83*l**2 - 102*l + 1525. Is h(-96) composite?
False
Let d be -241*(4 - (0 + 11 + -6)). Suppose -233*i - 44456 = -d*i. Is i a composite number?
False
Let m = 453 - 448. Suppose m*h - 16*h = -2959. Is h a composite number?
False
Is 6/((300/(-1130))/(-15)) a composite number?
True
Let t = -250 - -256. Suppose -3*v = p - 17102, -2*p - 2*v - 68338 = -t*p. Is p prime?
False
Suppose 222*x + 372320 = 226*x - 3*b, 0 = 3*x + 4*b - 279215. Is x a composite number?
False
Suppose 184*q - 180*q - 12 = 0. Suppose -2*y + 6*v = 7*v - 2298, 2*v - 3445 = -q*y. Is y composite?
False
Let r(u) = 17*u**2 + 25*u + 83. Let s(c) = -c**3 + 9*c**2 - 7*c + 49. Let k be s(9). Is r(k) composite?
True
Let l(o) = -3*o - 21. Let c be l(-12). Let y(v) = 8*v**2 + 18*v + 8. Is y(c) prime?
False
Let a = 567 + -561. Is (-6)/3*(-26889)/a a composite number?
False
Let y(o) = 3*o**2 - 5*o + 3. Let f(t) be the third derivative of t**6/120 - t**3/6 - 3*t**2. Let k(z) = f(z) - y(z). Is k(5) a prime number?
True
Let c be -4*(-35)/28*(-6)/(-15). Is (-4 - 1628/12)/(c/(-66)) a composite number?
True
Let a = -17286 - -51283. Is a prime?
True
Suppose -q + 8 + 0 = 0. Let f(d) = d**2 - 9*d + 13. Let j be f(q). Suppose -2*z + 2*c - 4045 = -5*z, 0 = j*z + c - 6730. Is z composite?
True
Let j = 186 + -181. Let d(y) = 2567*y + 60. Is d(j) prime?
False
Let l(q) = q**3 + q**2 - q + 69. Suppose 4*h = h + 21. Suppose -2*w = -h*w. Is l(w) composite?
True
Let h(g) = 17360*g - 49. Let p(a) = a + 2. Let m(v) = -h(v) - 5*p(v). Is m(-2) a prime number?
False
Suppose -3*q - 134242 = -128049 - 294430. Is q a prime number?
True
Suppose -37*r + 330768 + 964492 = -17*r. Is r a prime number?
True
Suppose 29593 = 5*k - 4*t, -3*k - 17775 = -6*k - 4*t. Suppose 12*v - 8*v - k = -3*o, -3*o = 3*v - 4440. Is v a prime number?
True
Let j(i) = 53630*i + 2343. Is j(5) a prime number?
True
Let m = -19 - -15. Let q be ((-17)/m)/(4/1968). Suppose 2*z = -z + q. Is z a composite number?
True
Let g = 81046 - 52389. Is g a prime number?
True
Let v = 10 - -5. Let h = v + 27. Is 4/(-14) - (-62046)/h prime?
False
Is ((-1849792)/(-40) - -9) + 4/(-5) prime?
False
Suppose -10 - 4 = -7*x. Suppose 3 = x*j - 1. Suppose -j*q + 1098 = -2*p, 0*p + 3*p = -2*q + 1108. Is q prime?
False
Let x be (4827/(-15) - 1)*-5. Suppose -w - 64*u = -65*u - 8, -4*w + 5*u = -33. Is (-8)/(-12)*x/4*w composite?
True
Let t(i) = 29*i + 16. Let h be t(-16). Let y be (1 - h)*(-4 - -3). Is y*2/(-4 - -2) a prime number?
True
Let p = -172 - -108. Let c = -55 - p. Suppose 0*x - c*x + 15813 = 0. Is x a prime number?
False
Suppose d + 1 - 3 = 0. Suppose 207 + 4197 = 2*j + d*h, 0 = -3*j + 2*h + 6596. Let u = -1569 + j. Is u composite?
False
Suppose 4 = -2*t, -5*z + 2 = t - 11. Suppose -2*v + 392 = -d - 175, -5*v + z*d = -1418. Suppose 0 = -10*w + v + 2367. Is w a composite number?
True
Suppose l + 187491 = 4*i, -2*i - 1964*l = -1959*l - 93751. Is i a composite number?
True
Suppose 74*d + 69*d - 73339584 = 47*d. Is d prime?
False
Let m(o) = o**3 - 6*o**2 - 4*o - 5. Let n be m(7). Suppose -22*v = -n*v - 24. Suppose v*g - 170 + 22 = 0. Is g a composite number?
False
Let d(o) = -89 + 104*o**2 - 141*o**2 - 23*o + 116*o**2. Is d(-7) composite?
False
Let c(o) = 93*o**2 + 4*o + 28. Suppose 47*l = 49*l - 4. Let d be (l/(-4))/(3/30). Is c(d) composite?
False
Suppose -4*z - 157 = -3*a, 5*z - 126 = -3*a - 5. Let o = a - 44. Suppose 0 = -4*g - h + 5861, -o = -4*h + 1. Is g composite?
True
Let m be (-2 - 0)*-1*9/6. Suppose y = -m*d - 2*d + 2415, -2*d + y = -966. Let i = 1021 - d. Is i a composite number?
True
Let o(i) = -10*i**3 - 30*i**2 - 43*i - 101. Is o(-20) a prime number?
False
Let o(p) = -2*p + 23. Let i be o(12). Is (i/(-2))/((-4)/(-248016)*3) a prime number?
False
Let x = -5 + 7. Suppose 2*u + x*u - 3*j = 5608, 0 = -3*j. Is u prime?
False
Let l(t) = 10 - 8 + 691*t - 38 - 11. Is l(14) composite?
True
Let u be (1 - 46)*(141/(-9) + 7). Let j = 820 - u. Suppose 103 = -n + j. Is n a prime number?
False
Let c be 16 - -1*(0 - -4)/2. Is (4111/(-2))/((-9)/c) a composite number?
False
Let r = -280800 - -434617. Is r composite?
False
Let n be (-28)/(-7) + (-1 - 1 - -66). Let c = -82 + n. Is 2003/2 + -8 + (-133)/c prime?
False
Let d = 359813 - -33546. Is d prime?
False
Suppose -83757092 = -101*z - 37372694 + 36896465. Is z composite?
False
Let w(b) = b**2 + 12*b + 37. Let v be w(-5). Suppose -2*t = -q - 32394, 4*t - v*q + q = 64788. Is t composite?
True
Suppose 1491189 = 28*q + 23*q. Is q composite?
True
Suppose -4*x + 42 - 162 = 0. Is 12596/10 - x/(-50) a prime number?
True
Is (-18 - 337575/(-60))/((-2)/(-8)) composite?
False
Let m(n) = -108430*n + 1119. Is m(-5) composite?
True
Let n(y) = y**2 - 4*y + 2. Let m be n(4). Suppose -5*s = 5*f - 2104 - 1311, -f + 5*s + 653 = 0. Suppose 3*r = m*k + 1755, 4*r + k - 1673 = f. Is r prime?
True
Suppose 5*p = 3*p - 6. Let z be (-847)/(-28) - p/4. Suppose 2*f + z - 353 = -3*t, -676 = -4*f + 2*t. Is f composite?
False
Let l(i) = -i**2 - 9*i. Let y be l(-9). Let s be -5 + -3 + (-566 - y). Let x = 1253 + s. Is x a composite number?
True
Suppose -5*c = -c + 2*h - 2, 2*c = -4*h - 8. Let v be (2 + 191/(-2))/((-507)/26 - -19). Suppose -5*i + v = -3*i - 5*t, c*i - t = 175. Is i a composite number?
True
Let j = 47 + -51. Is (-2)/j*(-9 - (-7 - 3792)) a composite number?
True
Let u be (14/(-4))/(5/50). Let b = u + 41. Suppose 5*q = 4*c - 5573, q = -q + b. Is c a prime number?
False
Suppose -6 = -2*f - 4. Suppose 0 = -0*s + 4*s - 2*h - 1030, h + f = 0. Suppose -3*p + s = -925. Is p a composite number?
True
Is 1/(-1) + 22164180/(-207)*3/(-2) a composite number?
True
Let o = 1039 - 1279. Let c = 3337 - 1892. Let d = o + c. Is d prime?
False
Let x = -723095 - -1847732. Is x a prime number?
False
Let c = 74 - 68. Suppose -7*x = c + 1. Let g(r) = 2041*r**2 - r - 1. Is g(x) prime?
False
Let y(s) = 54*s - 161. Let d be y(11). Let h = 3940 + d. Is h a composite number?
False
Let h(q) = 5*q**2 + q - 17. Let u be h(13). Let p = u - 